(base 6) to base 15
141
What is 223 (base 5) in base 15?
43
1100101 (base 3) to base 16
3d6
Convert -628 (base 16) to base 15.
-701
Convert 212012 (base 8) to base 4.
101100022
83a (base 14) to base 3
2020000
Convert -b2a6 (base 12) to base 5.
-1110142
Convert 78386 (base 9) to base 16.
cb70
What is 27204 (base 8) in base 15?
37dd
What is -210 (base 13) in base 12?
-253
-11300 (base 16) to base 13
-26075
What is -30220 (base 4) in base 12?
-574
-30a (base 15) to base 16
-2ad
-b424 (base 13) to base 14
-90c9
What is 211211 (base 3) in base 7?
1540
-14b7 (base 12) to base 14
-c67
-1121122010 (base 3) to base 2
-111110001000001
What is 210 (base 9) in base 2?
10101011
Convert -215 (base 16) to base 7.
-1361
110101100001101 (base 2) to base 3
1101121000
What is -230404 (base 5) in base 8?
-20045
Convert -10ab (base 13) to base 14.
-bd0
dd (base 14) to base 7
366
110021 (base 4) to base 16
509
34 (base 14) to base 7
64
What is 7792 (base 16) in base 8?
73622
What is b64 (base 12) in base 10?
1660
What is 6853 (base 9) in base 13?
2400
Convert 2327 (base 10) to base 4.
210113
96d (base 16) to base 10
2413
Convert -17126 (base 8) to base 12.
-45b2
What is -39b (base 13) in base 6?
-2535
Convert 132 (base 7) to base 4.
1020
360 (base 7) to base 11
162
Convert 1cb (base 13) to base 16.
150
What is 1001044 (base 5) in base 3?
210122020
What is -15 (base 9) in base 10?
-14
-2000 (base 4) to base 9
-152
315 (base 15) to base 7
2012
5442 (base 6) to base 15
585
Convert 530 (base 9) to base 15.
1dc
51020 (base 6) to base 5
203313
Convert -1a80 (base 11) to base 5.
-41004
Convert -6569 (base 11) to base 6.
-104042
Convert 16d (base 15) to base 5.
2303
Convert 25c (base 16) to base 7.
1522
1375 (base 10) to base 4
111133
Convert 3422 (base 8) to base 15.
80a
-7392 (base 11) to base 8
-23065
What is -62760 (base 8) in base 7?
-136040
-122425 (base 6) to base 13
-4cb2
What is 7298 (base 11) in base 13?
4527
What is -108a (base 11) in base 15?
-654
-24010 (base 7) to base 5
-144211
What is -103220 (base 6) in base 8?
-20474
What is 1211220 (base 4) in base 6?
50040
What is 110220 (base 3) in base 11?
297
-1001011011000101 (base 2) to base 12
-1a405
Convert -5226 (base 10) to base 3.
-21011120
What is -126504 (base 7) in base 3?
-1012210210
Convert 100010010000110 (base 2) to base 8.
42206
Convert -3a7d (base 16) to base 2.
-11101001111101
3335 (base 6) to base 12
54b
Convert 44ba (base 15) to base 7.
60331
What is 22201101 (base 3) in base 4?
1203103
1200321 (base 4) to base 15
1c86
What is 16c (base 15) in base 7?
645
Convert -2 (base 8) to base 3.
-2
Convert 1133 (base 10) to base 5.
14013
-190 (base 13) to base 10
-286
What is -4137 (base 16) in base 14?
-6127
What is 167 (base 11) in base 9?
235
What is 20103 (base 6) in base 14?
d5d
133d (base 14) to base 13
1707
What is -130023 (base 5) in base 15?
-1743
What is -1011111000111 (base 2) in base 8?
-13707
-32 (base 15) to base 6
-115
Convert -13621 (base 7) to base 13.
-1918
Convert -30331 (base 4) to base 15.
-3a4
-2215 (base 12) to base 16
-eb1
Convert -11201122 (base 3) to base 4.
-311312
163 (base 13) to base 5
2000
172164 (base 8) to base 16
f474
-158 (base 9) to base 6
-342
Convert -1322 (base 4) to base 9.
-145
-100110110100 (base 2) to base 8
-4664
Convert 110110010 (base 2) to base 10.
434
Convert -67b7 (base 13) to base 3.
-201220121
Convert 3245 (base 7) to base 3.
1120222
What is 1241 (base 7) in base 10?
470
What is 1217 (base 10) in base 8?
2301
-5152 (base 7) to base 10
-1801
Convert -7536 (base 8) to base 2.
-111101011110
2010 (base 3) to base 16
39
Convert -6032 (base 8) to base 12.
-1962
What is 1044 (base 8) in base 11?
459
Convert -45 (base 14) to base 8.
-75
22e (base 16) to base 11
468
What is -1121221 (base 5) in base 13?
-925a
What is -a54 (base 16) in base 13?
-1285
-9070 (base 12) to base 13
-716a
-1551 (base 6) to base 5
-3202
What is -42053 (base 7) in base 13?
-4916
Convert -1497 (base 13) to base 9.
-4100
Convert -5231 (base 12) to base 11.
-6810
What is -596 (base 15) in base 12?
-896
6127 (base 11) to base 12
4860
-1146 (base 7) to base 6
-1550
1d7 (base 15) to base 5
3202
Convert 12a7 (base 11) to base 8.
3232
-399 (base 15) to base 14
-427
24313 (base 7) to base 8
14273
Convert 17969 (base 10) to base 16.
4631
2a86 (base 13) to base 3
22111102
What is -6c6 (base 14) in base 8?
-2506
Convert -110011200 (base 3) to base 4.
-2022222
What is 222122 (base 3) in base 13?
434
225515 (base 7) to base 16
9dc4
What is 23110 (base 5) in base 12?
b5b
1c3 (base 15) to base 8
630
122200012 (base 3) to base 14
49a4
-4068 (base 12) to base 4
-1231100
10011111111000 (base 2) to base 10
10232
Convert -1a9d (base 15) to base 8.
-13215
-101100011101011 (base 2) to base 5
-1212023
What is -1110001111 (base 2) in base 9?
-1222
Convert 1212 (base 8) to base 6.
3002
133 (base 13) to base 9
254
Convert 2445 (base 8) to base 12.
919
What is 3317 (base 11) in base 10?
4374
What is de4 (base 15) in base 14?
1203
44516 (base 8) to base 6
222514
-cc4 (base 13) to base 11
-170a
What is -2b1 (base 12) in base 15?
-1d1
What is 1366 (base 11) in base 2?
11011100110
What is -1000223 (base 6) in base 4?
-23122113
Convert 114005 (base 8) to base 11.
2726a
What is 10000100000010100 (base 2) in base 4?
100200110
What is 4126 (base 16) in base 15?
4e1d
-18584 (base 11) to base 5
-1312421
Convert -2306 (base 8) to base 12.
-85a
-1791 (base 11) to base 8
-4346
2223 (base 13) to base 8
11231
What is -3225 (base 6) in base 8?
-1341
241030 (base 5) to base 2
10001010111010
What is -121211 (base 3) in base 14?
-246
Convert 3b3 (base 14) to base 16.
2e9
Convert -2201102102 (base 3) to base 7.
-312023
-5148 (base 10) to base 4
-1100130
What is -3334244 (base 5) in base 11?
-40113
What is 310 (base 12) in base 2?
110111100
-1017 (base 10) to base 5
-13032
What is -57ca (base 14) in base 10?
-15270
-260b (base 12) to base 3
-12221102
-931 (base 10) to base 16
-3a3
3b3 (base 13) to base 4
22031
Convert 1230 (base 6) to base 8.
462
-3ed (base 16) to base 5
-13010
Convert 12021210 (base 3) to base 5.
110410
What is 241 (base 8) in base 6?
425
Convert -5c09 (base 15) to base 2.
-100110010000000
Convert 287 (base 15) to base 14.
2d3
What is -10101111101 (base 2) in base 15?
-63a
310310 (base 4) to base 16
d34
What is -2343 (base 6) in base 14?
-2c7
Convert 32b (base 12) to base 11.
395
Convert -2001112 (base 3) to base 9.
-2045
Convert 11201 (base 4) to base 7.
1013
Convert -1121 (base 6) to base 4.
-10021
What is -40302 (base 5) in base 3?
-10112110
Convert 12243 (base 5) to base 11.
792
What is -2b27 (base 16) in base 14?
-4051
-13798 (base 10) to base 4
-3113212
Convert 108624 (base 9) to base 5.
4043024
3978 (base 10) to base 14
1642
Convert 111010 (base 4) to base 6.
10124
Convert 14578 (base 12) to base 13.
cc53
Convert -376b (base 14) to base 11.
-7318
Convert 101413 (base 5) to base 4.
310132
What is 63125 (base 10) in base 6?
1204125
What is -4b9 (base 14) in base 5?
-12242
630 (base 8) to base 15
1c3
-31001 (base 5) to base 16
-7d1
664 (base 7) to base 6
1324
Convert -622 (base 7) to base 16.
-136
328 (base 13) to base 2
1000011101
Convert 31312 (base 4) to base 15.
3e1
-539 (base 11) to base 7
-1613
What is 10131 (base 6) in base 10?
1351
Convert 557 (base 10) to base 6.
2325
Convert 413d (base 15) to base 5.
420113
13222031 (base 4) to base 11
21631
What is 10000101010111 (base 2) in base 5?
233120
17253 (base 10) to base 12
9b99
1413 (base 5) to base 8
351
What is 4434 (base 5) in base 9?
757
What is -1100102 (base 3) in base 8?
-1727
367 (base 12) to base 6
2211
Convert -39a6 (base 11) to base 15.
-1818
-112 (base 3) to base 12
-12
Convert 34041 (base 6) to base 8.
11251
Convert 1222 (base 11) to base 8.
3075
Convert 4143 (base 5) to base 9.
668
What is -11020010 (base 4) in base 10?
-20996
Convert 141 (base 7) to base 11.
71
Convert -a10e (base 15) to base 11.
-2359a
Convert 102335 (base 6) to base 16.
2093
-5be (base 16) to base 14
-770
What is -103311 (base 4) in base 5?
-20034
What is -442025 (base 6) in base 3?
-1212101122
10405 (base 12) to base 2
101001101000101
Convert 323103 (base 5) to base 6.
123020
What is -184 (base 9) in base 12?
-111
What is -62 (base 11) in base 5?
-233
What is -1779 (base 10) 